s the highest common divisor of x and 2?
2
Let n(y) = 2*y**2 - 32*y - 54. Let b be n(18). What is the greatest common divisor of b and 45?
9
Let b(x) = -x**2 - 5*x - 2. Let w be b(-4). Suppose -214 = 42*v - 1306. Calculate the greatest common factor of w and v.
2
Suppose 4*y = -4*z + 20, 15 = 3*z - 0*z. Suppose y = -3*l - 0*x + 2*x + 65, l - 23 = x. What is the greatest common divisor of l and 209?
19
Let h be 1 - (-7)/((-28)/(-48)). Suppose 0*z + h*z = 1638. What is the highest common factor of 36 and z?
18
Let i = -55 + 388. Calculate the highest common factor of i and 27.
9
Let v be 3692/18 + (-14 - 2500/(-180)). What is the highest common divisor of v and 41?
41
Suppose 2*z - 908 = -4*l, 2*z + 2*z - 4*l = 1780. What is the greatest common factor of 21 and z?
7
Let c(i) = -i - 1. Let w be c(3). Let l be 60/(-8)*w/2. Suppose 3*k = -4*r + 291, -4*k - 10 = 2. What is the greatest common factor of l and r?
15
Suppose 34 = 2*m - 36. What is the highest common divisor of 21 and m?
7
Let c be (-2828)/(-28) - (9 - 1). Calculate the highest common factor of 403 and c.
31
Let d = 177 - 161. What is the highest common divisor of 56 and d?
8
Suppose 2*d = 138*v - 136*v - 3228, -v - 2*d + 1620 = 0. What is the greatest common factor of 16 and v?
16
Suppose -10 = -5*t, -4*y + 7*y - 2330 = -4*t. Calculate the highest common divisor of 45 and y.
9
Let s(u) = u**3 - 4*u**2 + 3*u - 3. Let i = 0 + 2. Suppose 0 = 5*t - i - 18. Let l be s(t). Calculate the greatest common divisor of 27 and l.
9
Let f(h) = 60*h**3 + 2*h**2 + 3. Let k(w) = 119*w**3 + 3*w**2 + 5. Let y(q) = -5*f(q) + 3*k(q). Let i be y(1). Calculate the highest common divisor of i and 28.
28
Let o = -7 - 23. Let a = -13 - o. What is the highest common divisor of 187 and a?
17
Suppose -79 = -2*m + 145. Suppose -8*n + 112 + m = 0. Suppose 3*x - 24 = -3*k - 0*k, -9 = -x - 2*k. Calculate the greatest common factor of n and x.
7
Let n = 79 - 64. Calculate the greatest common factor of n and 120.
15
Let x(f) = -4*f - 10. Let z be x(-16). Let k be 4/14 - 52/(-14). Suppose k*l - l = 2*g - 45, 0 = 2*g + 5*l - 69. What is the greatest common divisor of g and z?
27
Let o(z) = 34*z + 6. Let u be o(3). Calculate the greatest common divisor of 12 and u.
12
Let d(g) = 2*g**2 - 8*g + 3. Let a be d(5). Let u be a/(-39) + 56/6. Calculate the greatest common divisor of u and 36.
9
Let j = 60 + -58. Suppose j*y - c - 66 = -y, -c + 44 = 2*y. What is the greatest common divisor of y and 22?
22
Let i be -5*((-3 - -3) + -3). Let m(o) = o**3 - 17*o**2 - 7*o - 6. Let n be m(8). Let r be n/(-14) - 4/7. What is the highest common factor of i and r?
15
Suppose 404 - 1104 = -14*k. Let x be (5 - 0)*(0 - (2 + -4)). What is the highest common divisor of x and k?
10
Suppose 8*p = 7485 - 2077. Calculate the greatest common factor of p and 26.
26
Suppose -12*a + 13*a = -w + 15, 5*a - 19 = -w. Calculate the highest common divisor of w and 1162.
14
Let w be ((-5564)/1177)/((-4)/22). Calculate the highest common factor of 58 and w.
2
Let l be (-15)/(-21) - 2/(-7). Let x = 469 + -467. What is the highest common factor of l and x?
1
Let o be (1 - 23)/(2/(-2)). Suppose 0 = -147*h + 135*h + 528. Calculate the greatest common divisor of h and o.
22
Let k be ((-16)/3)/(26/(-3783)). Let n = k - 545. Let r be 206/10 - (-4)/10. Calculate the greatest common divisor of n and r.
21
Let h(u) = -27*u + 1148. Let b be h(42). Suppose -75 = -3*f + 51. What is the greatest common factor of b and f?
14
Suppose -2*p - 7*h + 5*h = -534, 3*p - 6*h = 828. Calculate the greatest common divisor of 330 and p.
30
Let o(h) = 14*h**2. Suppose v + 5 = 4. Let b be o(v). Let i be -3*-2*49/3. What is the highest common factor of i and b?
14
Suppose 0*p - 5*p = -450. Let w = -43 - -29. Let c = w + 23. What is the highest common factor of c and p?
9
Suppose -x = -4*x + 297. Let w(y) = y**3 - 9 + 18 - 6*y**2 + 0. Let j be w(6). What is the greatest common factor of x and j?
9
Let v = -8 - -23. Let i = 22 - v. Calculate the highest common divisor of i and 14.
7
Suppose 16*z = 12863 - 95. Calculate the highest common factor of 38 and z.
38
Suppose -8*n = -3*n. Suppose 2*u - 7 - 49 = n. Suppose 4*y + 5*j - u = 0, -2*y + 7 = 4*j - 7. What is the greatest common divisor of y and 56?
7
Suppose -2*f + 10 = -3*f. Let w(k) = -3*k**3 + 8*k + 7. Let m be w(-1). Let t be 11/(-1)*f/m. Calculate the highest common divisor of 11 and t.
11
Let b be -2 + 1 + (-25)/(-1). Let a be 6 - (-22 + 0 - -10). What is the greatest common factor of b and a?
6
Suppose 0 + 5 = y. Let s be (-39)/((30/(-4))/y). Let t be s/(-12)*-3*2. What is the greatest common factor of 39 and t?
13
Let k(t) = t**3 - 7*t**2 + 4*t + 8. Let p be k(7). Let v(x) = 6*x - 36 + p. Let w be v(8). What is the highest common factor of w and 12?
12
Suppose 2*d + t = -3*d + 83, 0 = -3*d - 3*t + 57. Let o = d + 20. Let x be (-30)/270 - (-37)/9. Calculate the greatest common factor of o and x.
4
Let l(d) = -d**3 + d**2 - d - 6. Let z be l(0). Let r = 26 + z. Let k = -45 - -65. Calculate the highest common divisor of k and r.
20
Let k be (91/26)/((-2)/(-4)). Calculate the greatest common divisor of 161 and k.
7
Suppose a - 638 = -2*x - 2*a, 1595 = 5*x + 3*a. Calculate the highest common factor of x and 11.
11
Suppose -107 + 137 = 3*a. Calculate the greatest common factor of 670 and a.
10
Suppose 48 = -21*l + 13*l. Let p be (-5 - -6 - 13)*l. What is the greatest common divisor of p and 54?
18
Suppose 3*z - 3*l = 534, z - 2*l = 46 + 131. Let s = -112 + z. Suppose -5*c - 17 = -s. Calculate the highest common divisor of 70 and c.
10
Suppose 0 = -5*p - 0*p + 40. Let b(j) = -j - j + 3 + p*j - 2. Let c be b(1). What is the highest common divisor of c and 28?
7
Suppose 2*a + a - 288 = 0. Suppose -1044 = -2*w - w. Suppose -5*u + w - 28 = 0. Calculate the highest common divisor of a and u.
32
Suppose -717*u + 1596 = -710*u. Calculate the highest common factor of u and 285.
57
Suppose -3*c = -4*y - 12, 13 + 3 = 2*y + 4*c. Suppose -11*t + 16*t - 40 = y. What is the greatest common factor of t and 104?
8
Let q(a) = a - a - a + 3 + 5. Let l be q(12). Let u be (l/(-4))/((-1)/(-16)). What is the highest common divisor of 112 and u?
16
Let z(w) = w**3 + 9*w**2 - 4*w + 6. Let a be z(-7). What is the highest common divisor of 12 and a?
12
Let k be (18/3)/(-3) - -7. Suppose -a = 1 + 4, -2*y + k*a + 37 = 0. Let q = -85 - -91. What is the greatest common divisor of y and q?
6
Let l = 638 + -606. What is the greatest common divisor of 2048 and l?
32
Suppose 0 = 14*s - 367 - 403. What is the highest common factor of s and 880?
55
Let h(f) = -2*f**2 - 62*f + 3. Let u be h(-16). Calculate the greatest common divisor of 138 and u.
69
Let o = -20 - -4. Let c = -75 + 63. Let t = c - o. What is the greatest common factor of t and 1?
1
Let d be (-33 + 9)*(-42)/8. Suppose -5*s + 3*g + 68 = 4*g, -34 = -3*s - 4*g. Calculate the greatest common factor of s and d.
14
Let x be (0 + 3)/(12/44). Suppose -5*l = -313 - 742. Let t = -134 + l. Calculate the greatest common factor of x and t.
11
Let l = -36 - -32. Let y be (-417)/l - -1 - 1/4. What is the greatest common divisor of y and 42?
21
Let d be 1 + 3 + (-16)/4. Suppose d*u + 8 = 4*u - b, -7 = -u - b. Suppose -u*v + 6 = -v. What is the highest common factor of 6 and v?
3
Suppose -77*k + 30 = -75*k. Let j = -3 + 7. Suppose 0 = -2*o - j, 2*o - 221 = -3*i - 0*i. What is the highest common divisor of k and i?
15
Suppose -3*g + 90 = -171. Let t be ((5 - -4) + -3)/2. Suppose -70 - 17 = -t*p. What is the highest common divisor of p and g?
29
Suppose 4*k - 5*b - 164 = 0, -112 = -3*k - 3*b + 4*b. Suppose 4*q - q = 5*d - 83, -q = 5*d - 99. Let j = d - -5. What is the greatest common factor of k and j?
12
Let x(s) = 5*s - 4. Suppose -5*p + 84 = 9*p. Let h be x(p). Calculate the greatest common divisor of 52 and h.
26
Suppose -35*w + 32 = -27*w. Suppose w*f + 0*j + 2*j = 220, 3*f - 170 = j. What is the greatest common factor of f and 224?
56
Let j = 166 + -151. Calculate the greatest common factor of j and 555.
15
Let d(f) be the first derivative of -f**4/4 - 4*f**3 - 3*f**2/2 + 3*f + 18. Let q be d(-12). What is the greatest common divisor of q and 26?
13
Suppose -10*p - 29 + 429 = 0. Let w = p + 18. Calculate the greatest 